g and 56.
56
Suppose -2 = 2*g - 24. Let i(k) = k**3 - 12*k**2 + 9*k + 16. Let r be i(g). Let j be (r/(-5))/((-6)/(-40)). Calculate the highest common divisor of j and 4.
4
Suppose 9*z - 20 = 4*z. Suppose -z*p = -3*p - 2. Suppose p*r = -2*d, 2*d - 4 = 2*r + 8. What is the highest common factor of d and 33?
3
Suppose 2*u + 4*v = -16, 3*u - 5*v - 33 = -u. Suppose -4*s + 316 = 3*w + 2*w, -2*s = u. Calculate the greatest common divisor of w and 16.
16
Suppose 1 = -3*h - 5*n, 5*h - 4*n = n + 25. Let l be -1 - (h + (-30)/2). What is the greatest common divisor of 55 and l?
11
Let p = -2 + 3. Suppose -2*z + j + 20 = 5*j, -7 = -z + j. Calculate the greatest common factor of p and z.
1
Suppose -4*b - 3*n + 85 = 0, -2*b = -4*n + 5*n - 45. Suppose -348 + 123 = -g. Calculate the greatest common factor of b and g.
25
Let i(b) = b**3 + 9*b**2 - 9*b + 17. Let f be i(-10). Let c(t) = 16*t + 5. Let u be c(f). What is the greatest common factor of u and 13?
13
Suppose -9 = 2*u - 25. Suppose u*f - 343 = 113. What is the highest common divisor of 76 and f?
19
Let k be 211 + -23 + -11 + 23. Calculate the highest common divisor of 1300 and k.
100
Let k(u) = u**2 - 7*u - 1. Let p be k(3). Suppose 12*s + 143 = -1. Let f = s - p. Calculate the highest common factor of 8 and f.
1
Suppose 426 = 3*w - 3*q, 29*w + q = 28*w + 152. What is the greatest common factor of w and 3?
3
Suppose 3300 = 153*f - 143*f. What is the greatest common divisor of 198 and f?
66
Let r = 459 + -288. What is the greatest common factor of r and 9?
9
Let q = -18 - -20. Let u(m) = 3*m**3 + m**2 - 3*m + 2. Let b be u(q). Suppose -14 = p - b. What is the greatest common divisor of p and 4?
2
Let r = -1044 - -1416. Calculate the greatest common divisor of r and 403.
31
Let k be ((-1)/((-4)/26))/((-2)/(-48)). Calculate the highest common divisor of 247 and k.
13
Suppose -4*k + 15 = -1, -5*k + 180 = 4*t. Suppose -g + 80 = 3*g. Calculate the greatest common factor of t and g.
20
Let u be (-340)/20*(-2 + -3). What is the greatest common divisor of 136 and u?
17
Let m = 571 - 439. Calculate the highest common factor of m and 176.
44
Let o(n) = n**3 - n + 3. Let d be o(0). Let z(r) = r**3 - r**2 + 2. Let j be z(d). Calculate the greatest common divisor of j and 60.
20
Suppose 2*h = -14*h + 432. What is the highest common divisor of 63 and h?
9
Suppose 5*h = 7*h + 24. Let n = 8 + h. Let o be ((-15)/(-12) + n)*-52. Calculate the highest common divisor of o and 13.
13
Suppose 0 = -v - 2*a - 4 + 101, -3*a + 96 = v. What is the highest common divisor of 231 and v?
33
Let s(n) = n**3 + 6*n**2 - 4*n - 21. Let p be s(-6). Suppose -c = -p*f + 123, -3 = -3*c + 6. What is the greatest common divisor of 14 and f?
14
Suppose -2*v = -2*x + 64, -3*v + 102 = -5*x + 258. Let j(i) = 22*i**2 + 4*i - 6. Let f be j(-4). Calculate the highest common factor of x and f.
30
Let s be (8/(-14))/((-32)/784). Let f = -5 - -9. Let q = 18 - f. Calculate the greatest common factor of s and q.
14
Let l(f) = 3*f**2 + 11*f - 45. Let t be l(8). What is the greatest common factor of 5 and t?
5
Let i(s) = 2*s**2 + 4*s + 2. Let x be i(-4). Suppose -4*m + 34 = -x. What is the highest common factor of m and 13?
13
Suppose -2*p + 2*i = 0, p + 2*i = -0*p + 9. Let q be (1/p)/((-2)/(-12)). Suppose -5 = -5*z + 25. Calculate the highest common divisor of q and z.
2
Let z(s) = 3*s**2 - 20*s + 1. Let d be z(11). What is the highest common divisor of d and 16?
16
Suppose -4*i + 8 = -3*i. Suppose 7*r = i*r - 24. What is the greatest common factor of r and 3?
3
Suppose -124*l = -128*l + 6052. Calculate the greatest common divisor of 89 and l.
89
Let s(b) = 2*b - 9. Let n be s(8). Suppose 6*j = n - 1. What is the highest common factor of 9 and j?
1
Suppose -94 = -4*x + 2*p, -2*x - 3*p + 20 + 47 = 0. Let d = 57 - x. What is the highest common factor of d and 248?
31
Let n be ((-36)/(-12))/((-6)/(-10)). Suppose -2*h + f = -2, -n*h - 7 + 1 = 3*f. Suppose h*a = -a + 17. Calculate the highest common divisor of a and 85.
17
Let b(t) = -4*t - 131. Let r be b(-34). Calculate the greatest common divisor of 115 and r.
5
Let h(z) = 2*z**2 - 18*z + 33. Let v be h(2). Let j be (6/4)/(30/40). What is the highest common divisor of j and v?
1
Let s(u) = u + 20. Suppose -6*q = -q + 10, 5*x = -q - 32. Let f be s(x). Let d be f/2 + 2/(-2). What is the greatest common factor of d and 6?
6
Let r be (21/14)/(15/40). What is the highest common divisor of r and 8?
4
Let q be (-5 - (0 - 2)) + 67. Let z be (q/6)/(6/18). Calculate the highest common divisor of 160 and z.
32
Suppose 0 = -3*s + 69 + 12. Suppose 26 = 4*m - 46. Calculate the highest common divisor of m and s.
9
Suppose 2*s = -2*d + 254, 5*d - 576 = 5*s + 109. Let n = -87 + d. What is the highest common factor of n and 9?
9
Let p be 5 + 8*12 + -6. Calculate the highest common factor of 57 and p.
19
Let k(d) = 93*d**3 - d**2 + 4*d - 6. Let s be k(2). What is the greatest common factor of s and 14?
14
Let c(l) = -l**3 - 3*l**2 - 6*l - 9. Let f be c(-3). Suppose o + 5 = 0, -6*x + 2*x + 2*o + 82 = 0. Calculate the greatest common divisor of f and x.
9
Suppose -3*w = -k - 22 - 3, 0 = 5*w + 3*k - 65. What is the greatest common factor of 85 and w?
5
Suppose r = 2*r - 54. Let f = -98 - -176. Let l = f - r. What is the highest common factor of 8 and l?
8
Suppose -4*a - 102 = 3*n, 2*n + 2*n - 4*a = -108. Let o be n*(-5)/((-125)/(-20)). What is the greatest common divisor of o and 4?
4
Let j(b) = 2*b - 21. Let h be j(11). Let s be -3*5*4/(-3). Let o = s + -19. What is the greatest common divisor of o and h?
1
Suppose -3*u + 57*r - 60*r = -36, -3*u + 4*r + 64 = 0. Suppose -y = 2*h - 222, 2*y = -5*h + 3*y + 562. Calculate the greatest common factor of u and h.
16
Suppose 3*q = 2*h - 12, -2*q - 18 = -0*h - 3*h. Let c(f) = -5*f. Let n be c(0). Suppose n = t + 5*t - 108. Calculate the highest common divisor of h and t.
6
Let d = -26 + -33. Let p be (-64)/6*6/2. Let q = p - d. What is the highest common divisor of 3 and q?
3
Suppose 0 = 4*l - 1 - 35. Suppose -4*s + 247 = -l. Calculate the greatest common divisor of s and 16.
16
Let h be (-5)/((-10)/4)*325. Calculate the highest common factor of 26 and h.
26
Let t = -4 - -2. Let f be (-3)/(-2) + (-3)/t. Suppose 0 = -f*k + 7*k - 168. Calculate the highest common factor of 14 and k.
14
Suppose 0 = 8*z - 24 - 8. Let a be 39/(9/3 + -2). Suppose 0 = h + 4*g - 4, 3*g + a = 5*h + 4*g. What is the highest common factor of z and h?
4
Let w = -192 + 196. Calculate the highest common divisor of w and 48.
4
Suppose b + 21*b = 1782. Calculate the greatest common factor of b and 27.
27
Let u be 0 + 2 + (-3)/(-3). Suppose -u*p - 2*p + 4*w = -59, 2*p - 2*w = 24. Let r = -11 - -33. What is the highest common factor of p and r?
11
Let d(a) = a**2 + 14*a + 15. Suppose 11*m - 14*m - 42 = 0. Let i be d(m). Suppose -3*p = -7*p + 540. Calculate the highest common factor of p and i.
15
Let l(y) = -y - 7. Let v be l(-4). Let s(r) = -7*r**2 - 3*r - 6. Let n be s(v). Let u be (4/5)/((-12)/n). Calculate the greatest common divisor of 8 and u.
4
Let x = 28 + -20. Let p be (1/3*-8)/(40/1980). Let l = -124 - p. What is the greatest common divisor of l and x?
8
Suppose 4*k = 2*k - 52. Let q = 38 + k. Let f = q - 6. Calculate the greatest common divisor of 24 and f.
6
Let p(z) = 6*z + 4. Let i be p(-6). Let w(c) = 3*c - 58. Let q be w(7). Let o = i - q. What is the highest common divisor of 2 and o?
1
Let k(s) = -6*s + 38. Let r be k(-1). Let d = 70 + -48. What is the greatest common factor of d and r?
22
Let d(x) = -x**3 - x**2 - 2*x + 19. Let k(g) = g**3 - 8*g**2 - g + 8. Let v be k(8). Let n be d(v). Calculate the highest common divisor of 19 and n.
19
Suppose 6*q + 35 = 11*q. Let k(z) = -2*z + 5. Let y be k(-1). Calculate the greatest common factor of y and q.
7
Suppose -4*s - 3*k = -0*s - 278, -2*s - 5*k = -146. Suppose -5*l = 2*g - 44, -8*g - 53 = -11*g - l. What is the greatest common factor of s and g?
17
Let i(z) = -17*z + 192. Let a be i(0). What is the greatest common factor of 12 and a?
12
Suppose -4*j - 12 = -0. Let u be 7/(-1 + (-4)/j). What is the greatest common factor of 105 and u?
21
Let z = 64 - 28. Let n = -792 - -801. Calculate the greatest common divisor of z and n.
9
Let x = -9 - -15. Let b(z) 